rivative of r**3/6 + 2*r**2 - 11*r. Calculate n(-4).
0
Let a = 11 - -16. Let y be a/5 + (-4)/10. Let j(r) be the second derivative of r**4/12 - 5*r**3/6 - 3*r**2 - 3*r. Determine j(y).
-6
Let n(a) = a**3 + 4*a**2 + a - 2. Let k(m) = -m**3 - 4*m**2 + 2. Let y(x) = -6*k(x) - 5*n(x). What is y(-4)?
18
Let v(l) be the third derivative of l**4/12 - 11*l**3/6 - 12*l**2. Determine v(8).
5
Let b = -70 + 74. Let d(k) be the first derivative of -b + 2*k + 1/2*k**2. Calculate d(0).
2
Let z(o) = -o**3 + 7*o**2 + 9*o - 6. Let y be z(8). Let v(l) = -y*l - 2*l - 3 + l + 0*l. Give v(-2).
3
Let l(m) be the first derivative of -m**4/4 - 7*m**3/3 - 2*m**2 + 5*m - 4. Give l(-6).
-7
Let n(a) = -a + 21 - a - 20. Give n(-3).
7
Let s = -353/6 - -59. Let l(q) be the second derivative of s*q**3 + q**2 - 1/20*q**5 + 0 - q + 1/3*q**4. Calculate l(4).
6
Let c(i) = 2*i - 10. Let j be c(7). Let m(q) be the third derivative of -q**4/8 + 5*q**3/6 - q**2. What is m(j)?
-7
Let d(b) = -7*b**2 + 5*b - 2. Let l = 3 + 3. Let k(g) = 2*g**2 - 3 - 3*g**2 + 3. Let u(x) = l*k(x) - d(x). Determine u(4).
-2
Let z(n) = -n**2 - n + 2. Let v be z(0). Let q(h) = 3*h**2 + 6*h - v*h**2 + 23 - 19. Give q(-4).
-4
Let q(j) = 7*j**2 - 16*j + 3. Let w(b) = 3*b**2 - 8*b + 2. Let h(f) = -2*q(f) + 5*w(f). Calculate h(6).
-8
Let b(i) = 5 - 6 - 3 + i + 10. Give b(0).
6
Suppose -4*s + 2 = -2. Let p = 4 - s. Suppose 0 + 12 = p*x. Let o(w) = w**2 - 5*w + 6. Give o(x).
2
Let i(h) be the third derivative of -1/6*h**4 + 0 + 1/60*h**5 - 3*h**2 - 1/2*h**3 + 0*h. What is i(4)?
-3
Let x = -2 - -3. Let m(s) = -s - 4 + 4 - x. Let k = -6 - -1. Determine m(k).
4
Let m(v) = v**3 - 4*v**2 + 50 + 49 - 6*v - 100. Calculate m(5).
-6
Let h(q) = -2*q - 1. Let f(a) = -2*a - 2. Let y be (6/15)/(2/40). Suppose 5*r = -5, -3*s - y = -5*s + 4*r. Let o(x) = s*h(x) - 3*f(x). What is o(-3)?
-2
Suppose 2*w = -l - w + 3, w = 5*l + 17. Let f(v) = -6*v - 15. Let o(a) = a + 2. Let x(i) = -2*f(i) - 15*o(i). Calculate x(l).
9
Let h(n) be the third derivative of -n**5/60 - n**4/24 - n**3/6 + 9*n**2. Calculate h(-2).
-3
Let z be 2*(-2)/(-4) + 0. Let h be (-5)/10 - 21/(-6). Let y(w) = -4 + 1 + h - 6*w. Determine y(z).
-6
Let t(c) = -2*c - 1. Let j be t(-2). Suppose o + 2 - 5 = 0. Let f(x) = -2*x - 7 + 3*x**3 + 3*x**3 + 11 - 7*x**o + 4*x**2. Calculate f(j).
7
Let r(v) = -2*v**2 + 10*v - 1. Let i(p) = -5*p**2 + 29*p - 2. Let t(m) = 3*i(m) - 8*r(m). Give t(-7).
2
Let c(k) = -2*k. Let g be c(-2). Suppose -b - 4*z = b - g, 2*b - 4 = -3*z. Let v(l) = -l**2 - 1 + 0*l**b + 2*l - 3*l + 0. Calculate v(0).
-1
Let r(i) = 13*i**2 + 1. Let c be r(1). Let m be -1 - ((-2)/(-2) - c). Suppose -l = -4*t - 6*l + 21, 4*t - 4*l = m. Let g(a) = -a**2 + 7*a - 3. Calculate g(t).
9
Let f(q) = 2*q + 5. Let c(d) = -7*d - 22. Let w be c(-4). Give f(w).
17
Let f be (4/2)/((-8)/8). Let r(x) = -x**3 + 2*x + 2. What is r(f)?
6
Let j(h) be the third derivative of h**4/24 + 5*h**3/6 + 4*h**2. Calculate j(-6).
-1
Let f(j) = 2*j + 4 + j - 6 - 5*j. Suppose 2*g = -10, g - 2*g = -s. What is f(s)?
8
Let n(m) = m - 4. Let k be 0 - (-1 + (5 - 4)). What is n(k)?
-4
Let l(h) be the first derivative of h**3/3 - 7*h**2/2 + 5*h - 4. Calculate l(4).
-7
Let p(f) = f**3 + 4*f**2 - 4. Let m = 11 + -8. Suppose -m*q - 5*h = 9, -4*q = 3*h + 7 + 5. Determine p(q).
5
Let j(t) = -4*t**2 - t + 1. Let f = -15 + 13. Calculate j(f).
-13
Suppose -5*w = -w. Suppose 5*q - 21 = -3*z, w*z + 5*q + 7 = z. Let p(k) = z - 5*k - k**2 - 13 + 0*k**2. What is p(-5)?
-6
Let p(n) = -7*n**2 + 3 + 1 - n**3 + 4*n**2 - n. Let c be p(-2). Let f(g) be the second derivative of g**5/20 - g**3/2 + g**2/2 - g. Calculate f(c).
3
Let z(c) = c**3 - 5*c**2 - 5*c - 5. Let q = -79 - -85. What is z(q)?
1
Let s be (8/(-2))/(-9 - -5 - -2). Let a(k) = -k**3 + 3*k**2 - k + 1. What is a(s)?
3
Let g(q) = q**3 + 7*q**2 - 8*q - 6. Suppose -8 = 6*y - 5*y. Calculate g(y).
-6
Suppose 3*x + 10 = -5*o, -3*x + o - 4*o = 6. Let m be 0/1 - (-2 + -1). Let u(r) = 0*r**3 + 2*r**m - 6 + r**2 - r**3. Give u(x).
-6
Let r(k) = -9*k + 7. Let q be r(1). Let y(c) = 3*c**2 + 4*c + 3. Give y(q).
7
Let t(d) = 4 + 0*d + d**3 - 3*d - 2 - 3*d**2 + 0. Suppose 4*z - 6 + 20 = 2*i, 2*i - 5*z - 14 = 0. Let l be ((-4)/i)/(4/(-14)). Give t(l).
-8
Let b(p) be the second derivative of -p**4/6 - p**3/6 - p**2/2 + 2*p. Give b(-2).
-7
Let f(i) = 5*i**3 + 2*i - 6. Let s(z) = 4*z**3 + z**2 + z - 6. Let t(u) = -3*f(u) + 4*s(u). Let n be t(-4). Let j(l) = -4*l**2 + 1. What is j(n)?
-15
Let d(y) = -4*y + 4 + 0*y + 4*y**3 + 0*y - 3*y**3 + 3*y**2. What is d(-4)?
4
Let r(x) = -x**2 - x - 1. Let y(h) = -7*h**2 - 5*h - 5. Let m(q) = -6*r(q) + y(q). Calculate m(2).
-1
Let o(b) = b**3 + 4*b**2 + 3*b + 2. Let m = -10 - -10. Suppose 0 = -2*d - 6 - m. Calculate o(d).
2
Let s(l) = l**3 + l**2 - 5*l - 2. Let y(n) = n**3 - n**2 - n + 1. Let d be y(2). Suppose -2*q = 2*w + d*q + 62, 0 = -2*q - 8. Let p be 77/w + 2/3. Give s(p).
-5
Let x(t) be the first derivative of -t**4/4 - t**3/3 + 3*t + 2. Let f = -14 - -14. Calculate x(f).
3
Let l be (5 - 1) + (-37 - -28). Let g(z) = 3*z + 6. Calculate g(l).
-9
Suppose b - 2*b + 2 = 0. Let l(m) be the third derivative of m**8/6720 - m**7/840 + m**4/4 - 8*m**2. Let p(f) be the second derivative of l(f). What is p(b)?
-4
Let s(n) be the third derivative of 0*n - 1/3*n**3 + 1/24*n**4 - n**2 + 0. Let p be s(-2). Let y(m) = m**2 + 5*m + 2. Calculate y(p).
-2
Let a(d) be the first derivative of -d**3/3 - 5*d**2/2 - 2. Let i(t) = -t. Let g(p) = -a(p) + 5*i(p). Give g(-1).
1
Let y(p) = -2*p - 1. Let b be y(-1). Let k(q) = -14*q + 1. Determine k(b).
-13
Let s(x) = x**2 - x + 2. Let d(k) = -2*k**2 + 3*k - 2. Let i(n) = 2*d(n) + 3*s(n). Calculate i(3).
2
Let n(d) = 3*d**3 + 3*d**2 - d - 5. Let k = 3 - 5. Let v(c) = c**3 + 2*c**2 - 3. Let h(b) = k*n(b) + 5*v(b). Let a = 10 + -6. What is h(a)?
3
Suppose 27 = 9*r - 6*r. Let w(t) = t**3 - 9*t**2 - 2*t + 8. Determine w(r).
-10
Suppose 0*t + 1 = -t. Let c(d) = d**2 + 7*d + 5. Let l be c(-5). Let m(r) = -49*r + 21. Let w(a) = 12*a - 5. Let j(k) = l*m(k) - 21*w(k). What is j(t)?
7
Let p be (-144)/(-18) + 4/(-2). Let o(f) = 2*f**3 - 7*f**2 + 9*f - 2. Let l(w) = -w**3 + 3*w**2 - 5*w + 1. Let d(n) = 5*l(n) + 3*o(n). What is d(p)?
11
Let k = -1 - -2. Let a(j) = -3*j - 3*j + 4*j + k + 0. Determine a(2).
-3
Let z(c) = -3*c + 0 + 5*c - 9 + 4. Give z(7).
9
Let n(b) = -3*b. Let c(q) = q**2 + q + 1. Let z be c(-3). Let p(h) = h - 1 - 5 - 2. Let y be p(z). Give n(y).
3
Let x(m) = -m**2 + 5*m + 2. Let z(s) = s**2 + 2*s - 4. Let o be z(-4). Determine x(o).
6
Let m(o) = o**2 - 4. Let f be m(-3). Let k(c) = -6*c**3 + 10*c**2 + 6*c + 4. Let u(w) = -7*w**3 + 11*w**2 + 7*w + 5. Let t(r) = -6*k(r) + 5*u(r). Give t(f).
-4
Suppose 51 = v + 3*u, -7*v + u + 178 = -3*v. Suppose 3*h - 7*q + 3*q = 32, 4*h - v = 3*q. Let m(y) = h*y - 13*y + 1 + 4. Calculate m(5).
0
Let z(v) = v**2 - v. Let p(y) = 4*y - 12. Let w(d) = -3*d + 11. Let n(h) = -4*p(h) - 5*w(h). Let r be n(-7). Calculate z(r).
0
Let q(n) = -16 + n**3 + 6*n**2 - 4*n**3 + 2*n**3 - n + 20. What is q(6)?
-2
Let a = 32 - 28. Let p(b) = b - 7. What is p(a)?
-3
Let a(i) = i**2 + 5*i + 3. Suppose 0 = -0*r - 2*r + f, -5*r = -4*f - 6. Calculate a(r).
-3
Let b be ((-6)/4)/((-3)/4). Let d(u) be the first derivative of -4 + 0*u - 3/2*u**2 + 1/3*u**3. Calculate d(b).
-2
Let u(d) = d**3 - 7*d**2 + 6*d + 3. Let p be -2 - (-6 - 2)/1. Let w be u(p). Let h(c) = -c**2 + 0*c - c**w + 1 - 4*c + 6*c**2. Determine h(3).
7
Let x(l) = 7*l - 17. Let v(m) = -10*m + 25. Let j(p) = 5*v(p) + 7*x(p). Suppose 5*b + b = 4*b. Calculate j(b).
6
Let v(i) = -7*i + 1. Suppose 0 = o + 3*q - 4, 2*o - 5*q + 2 = -1. Calculate v(o).
-6
Let p(g) = -g - 1 + g**3 + g**2 + 2*g**3 + 1 + 1. Let o = 3 - 2. What is p(o)?
4
Let h(o) = -o. Let i = -11 - -16. Suppose -i*k - 17 = 4*u, 6 = -k + 1. What is h(u)?
-2
Let k(x) = x**2 + 6*x + 6. Suppose 4*h - 3*c + 10 = 0, -h - 3*h - c - 18 = 0. Let z(j) = -j**2 - 4*j - 5. Let g be z(h). What is k(g)?
1
Let j(h) = 7*h**2. Suppose 2*o = 3*o + 4. Suppose -5*a = -3 - 12. Let g = a + o. What is j(g)?
7
Let i(a) = a**2 - 1. Let z = 74 - 78. Calculate i(z).
15
Suppose 0 = v - 4*c - 11, -2*c = -4*c - 4. Let k(l) = l**2 - l + 2. What is k(v)?
8
Let b(m) = m**2 + 6*m + 6. Suppose 0*c = 3*n + c + 9, -18 = 3*n